{"id":27,"date":"2026-01-04T16:56:21","date_gmt":"2026-01-04T13:56:21","guid":{"rendered":"https:\/\/citytechankara.com\/?page_id=27"},"modified":"2026-01-04T19:52:30","modified_gmt":"2026-01-04T16:52:30","slug":"reklam-ve-sponsorluk","status":"publish","type":"page","link":"https:\/\/citytechankara.com\/?page_id=27","title":{"rendered":"Reklam ve sponsorluk"},"content":{"rendered":"\n<p class=\"has-text-align-center\">Sponsorluk dosyas\u0131 yak\u0131nda yay\u0131nlanacak.<\/p>\n\n\n\n<p><\/p>\n","protected":false},"excerpt":{"rendered":"<p>Sponsorluk dosyas\u0131 yak\u0131nda yay\u0131nlanacak.<\/p>\n","protected":false},"author":1,"featured_media":0,"parent":0,"menu_order":0,"comment_status":"closed","ping_status":"closed","template":"","meta":{"footnotes":""},"class_list":["post-27","page","type-page","status-publish","hentry"],"_links":{"self":[{"href":"https:\/\/citytechankara.com\/index.php?rest_route=\/wp\/v2\/pages\/27","targetHints":{"allow":["GET"]}}],"collection":[{"href":"https:\/\/citytechankara.com\/index.php?rest_route=\/wp\/v2\/pages"}],"about":[{"href":"https:\/\/citytechankara.com\/index.php?rest_route=\/wp\/v2\/types\/page"}],"author":[{"embeddable":true,"href":"https:\/\/citytechankara.com\/index.php?rest_route=\/wp\/v2\/users\/1"}],"replies":[{"embeddable":true,"href":"https:\/\/citytechankara.com\/index.php?rest_route=%2Fwp%2Fv2%2Fcomments&post=27"}],"version-history":[{"count":10,"href":"https:\/\/citytechankara.com\/index.php?rest_route=\/wp\/v2\/pages\/27\/revisions"}],"predecessor-version":[{"id":267,"href":"https:\/\/citytechankara.com\/index.php?rest_route=\/wp\/v2\/pages\/27\/revisions\/267"}],"wp:attachment":[{"href":"https:\/\/citytechankara.com\/index.php?rest_route=%2Fwp%2Fv2%2Fmedia&parent=27"}],"curies":[{"name":"wp","href":"https:\/\/api.w.org\/{rel}","templated":true}]}}