{"id":40,"date":"2026-01-04T16:58:58","date_gmt":"2026-01-04T13:58:58","guid":{"rendered":"https:\/\/citytechankara.com\/?page_id=40"},"modified":"2026-01-04T23:03:42","modified_gmt":"2026-01-04T20:03:42","slug":"katilimci-profili","status":"publish","type":"page","link":"https:\/\/citytechankara.com\/?page_id=40","title":{"rendered":"Kat\u0131l\u0131mc\u0131 profili"},"content":{"rendered":"\t\t<div data-elementor-type=\"wp-page\" data-elementor-id=\"40\" class=\"elementor elementor-40\" data-elementor-post-type=\"page\">\n\t\t\t\t<div class=\"elementor-element elementor-element-02e63bd e-grid e-con-boxed e-con e-parent\" data-id=\"02e63bd\" data-element_type=\"container\">\n\t\t\t\t\t<div class=\"e-con-inner\">\n\t\t\t\t<div class=\"elementor-element elementor-element-f096a59 elementor-position-top elementor-widget elementor-widget-image-box\" data-id=\"f096a59\" data-element_type=\"widget\" data-widget_type=\"image-box.default\">\n\t\t\t\t\t<div class=\"elementor-image-box-wrapper\"><figure class=\"elementor-image-box-img\"><img fetchpriority=\"high\" decoding=\"async\" width=\"230\" height=\"230\" src=\"https:\/\/citytechankara.com\/wp-content\/uploads\/2026\/01\/yerel_yonetimler_ve.png\" class=\"attachment-full size-full wp-image-495\" alt=\"\" srcset=\"https:\/\/citytechankara.com\/wp-content\/uploads\/2026\/01\/yerel_yonetimler_ve.png 230w, https:\/\/citytechankara.com\/wp-content\/uploads\/2026\/01\/yerel_yonetimler_ve-150x150.png 150w\" sizes=\"(max-width: 230px) 100vw, 230px\" \/><\/figure><div class=\"elementor-image-box-content\"><h3 class=\"elementor-image-box-title\">Yerel Y\u00f6netimler ve Kamu<\/h3><p class=\"elementor-image-box-description\">\u0130l Belediyeleri, \u0130l\u00e7e Belediyeleri, Sular \u0130dareleri Genel M\u00fcd\u00fcrl\u00fckleri, \u0130l \u00d6zel \u0130dareleri, Kooperatifler, Dernekler, Odalar, Yerel Y\u00f6netim Birlikleri, Bakanl\u0131klara Ba\u011fl\u0131 \u0130\u015ftirakler, Belediyelere Ba\u011fl\u0131 \u0130\u015ftirakler<\/p><\/div><\/div>\t\t\t\t<\/div>\n\t\t\t\t<div class=\"elementor-element elementor-element-9ffefc6 elementor-position-top elementor-widget elementor-widget-image-box\" data-id=\"9ffefc6\" data-element_type=\"widget\" data-widget_type=\"image-box.default\">\n\t\t\t\t\t<div class=\"elementor-image-box-wrapper\"><figure class=\"elementor-image-box-img\"><img decoding=\"async\" width=\"230\" height=\"230\" src=\"https:\/\/citytechankara.com\/wp-content\/uploads\/2026\/01\/akilli_sehir_sistemleri.png\" class=\"attachment-full size-full wp-image-496\" alt=\"\" srcset=\"https:\/\/citytechankara.com\/wp-content\/uploads\/2026\/01\/akilli_sehir_sistemleri.png 230w, https:\/\/citytechankara.com\/wp-content\/uploads\/2026\/01\/akilli_sehir_sistemleri-150x150.png 150w\" sizes=\"(max-width: 230px) 100vw, 230px\" \/><\/figure><div class=\"elementor-image-box-content\"><h3 class=\"elementor-image-box-title\">Ak\u0131ll\u0131 \u015eehir Sistemleri<\/h3><p class=\"elementor-image-box-description\">Ak\u0131ll\u0131 Ula\u015f\u0131m Sistemleri, Toplu Ta\u015f\u0131ma Ak\u0131ll\u0131 Kart ve Bilet Sistemleri, Aktarma Sistemleri( Y\u00fcr\u00fcyen Merdiven, Asans\u00f6r), Ge\u00e7i\u015f Sistemleri( Bariyer, Turnike vs), Otopark Donan\u0131mlar\u0131, Otopark Kontrol ve Ge\u00e7i\u015f Sistemleri , Ak\u0131ll\u0131 \u00c7\u00f6p Toplama Sistemleri, Ak\u0131ll\u0131 \u015eehir Ayd\u0131nlatma Sistemleri, Ak\u0131ll\u0131 Otomaston Sistemleri<\/p><\/div><\/div>\t\t\t\t<\/div>\n\t\t\t\t<div class=\"elementor-element elementor-element-f978d7c elementor-position-top elementor-widget elementor-widget-image-box\" data-id=\"f978d7c\" data-element_type=\"widget\" data-widget_type=\"image-box.default\">\n\t\t\t\t\t<div class=\"elementor-image-box-wrapper\"><figure class=\"elementor-image-box-img\"><img decoding=\"async\" width=\"230\" height=\"230\" src=\"https:\/\/citytechankara.com\/wp-content\/uploads\/2026\/01\/guvenlik_yangin_is.png\" class=\"attachment-full size-full wp-image-497\" alt=\"\" srcset=\"https:\/\/citytechankara.com\/wp-content\/uploads\/2026\/01\/guvenlik_yangin_is.png 230w, https:\/\/citytechankara.com\/wp-content\/uploads\/2026\/01\/guvenlik_yangin_is-150x150.png 150w\" sizes=\"(max-width: 230px) 100vw, 230px\" \/><\/figure><div class=\"elementor-image-box-content\"><h3 class=\"elementor-image-box-title\">G\u00fcvenlik Yang\u0131n \u0130\u015f Sa\u011fl\u0131\u011f\u0131<\/h3><p class=\"elementor-image-box-description\">G\u00fcvenlik, Uyar\u0131, \u0130kaz ve Anons Sistemleri, Yang\u0131n G\u00fcvenli\u011fi Malzemeleri, Siren Sistemleri ve Ekipmanlar\u0131, \u0130\u015f G\u00fcvenli\u011fi ve \u0130\u015f\u00e7i Sa\u011fl\u0131\u011f\u0131 Malzemeleri, Y\u00f6nlendirme \u0130kaz I\u015f\u0131k ve Uyar\u0131 Sistemleri, Yang\u0131n Alg\u0131lama ve S\u00f6nd\u00fcrme Sistemleri, Sinyalizasyon Sistemleri<\/p><\/div><\/div>\t\t\t\t<\/div>\n\t\t\t\t<div class=\"elementor-element elementor-element-6039993 elementor-position-top elementor-widget elementor-widget-image-box\" data-id=\"6039993\" data-element_type=\"widget\" data-widget_type=\"image-box.default\">\n\t\t\t\t\t<div class=\"elementor-image-box-wrapper\"><figure class=\"elementor-image-box-img\"><img loading=\"lazy\" decoding=\"async\" width=\"230\" height=\"230\" src=\"https:\/\/citytechankara.com\/wp-content\/uploads\/2026\/01\/geri_donusum_teknolojileri.png\" class=\"attachment-full size-full wp-image-498\" alt=\"\" srcset=\"https:\/\/citytechankara.com\/wp-content\/uploads\/2026\/01\/geri_donusum_teknolojileri.png 230w, https:\/\/citytechankara.com\/wp-content\/uploads\/2026\/01\/geri_donusum_teknolojileri-150x150.png 150w\" sizes=\"(max-width: 230px) 100vw, 230px\" \/><\/figure><div class=\"elementor-image-box-content\"><h3 class=\"elementor-image-box-title\">Geri D\u00f6n\u00fc\u015f\u00fcm Teknolojileri<\/h3><p class=\"elementor-image-box-description\">Geri Kazan\u0131m Sistemleri ve Teknolojileri, Geri D\u00f6n\u00fc\u015f\u00fcm Tesisleri ve \u00dcr\u00fcnleri, Ay\u0131rma ve \u0130\u015fleme Ekipmanlar\u0131, At\u0131k Bertaraf Hizmetleri,At\u0131k Gaz Ar\u0131t\u0131m\u0131, At\u0131k Toplama \u00dcniteleri ,At\u0131k Toplama ve Ta\u015f\u0131ma Ara\u00e7lar\u0131, At\u0131klar\u0131n Enerjiye D\u00f6n\u00fc\u015ft\u00fcr\u00fclmesi Sistemleri, Elektronik ve Elektrik At\u0131klar, \u0130n\u015faat At\u0131klar\u0131, Paket At\u0131k su Ar\u0131tma Sistemleri, T\u0131bbi At\u0131k \u0130\u015flemleri, T\u0131bbi At\u0131k Sterilizat\u00f6rleri<\/p><\/div><\/div>\t\t\t\t<\/div>\n\t\t\t\t<div class=\"elementor-element elementor-element-93f2a4f elementor-position-top elementor-widget elementor-widget-image-box\" data-id=\"93f2a4f\" data-element_type=\"widget\" data-widget_type=\"image-box.default\">\n\t\t\t\t\t<div class=\"elementor-image-box-wrapper\"><figure class=\"elementor-image-box-img\"><img loading=\"lazy\" decoding=\"async\" width=\"230\" height=\"230\" src=\"https:\/\/citytechankara.com\/wp-content\/uploads\/2026\/01\/is_makineleri_ve.png\" class=\"attachment-full size-full wp-image-499\" alt=\"\" srcset=\"https:\/\/citytechankara.com\/wp-content\/uploads\/2026\/01\/is_makineleri_ve.png 230w, https:\/\/citytechankara.com\/wp-content\/uploads\/2026\/01\/is_makineleri_ve-150x150.png 150w\" sizes=\"(max-width: 230px) 100vw, 230px\" \/><\/figure><div class=\"elementor-image-box-content\"><h3 class=\"elementor-image-box-title\">\u0130\u015f Makineleri ve Ara\u00e7 \u00dcst\u00fc Ekipmanlar<\/h3><p class=\"elementor-image-box-description\">Belediye Ara\u00e7lar\u0131, \u0130\u015f ve \u0130n\u015faat Makineleri, Asfalt Ara\u00e7lar\u0131, Asfalt Plentleri, Konteynerler, \u00c7evre ve Temizleme Ara\u00e7lar\u0131, Yang\u0131n ve Kurtarma Ara\u00e7lar\u0131 , Vin\u00e7ler, \u00c7\u00f6p Kamyonlar\u0131, Kanalizasyon Ara\u00e7lar\u0131, Kar Temizleme Ara\u00e7lar\u0131, Sokak Bak\u0131m ve D\u00fczenleme Ara\u00e7lar\u0131, Kamu Ara\u00e7lar\u0131, Nakil Ara\u00e7lar\u0131, S\u00fcp\u00fcrme Ara\u00e7lar\u0131, \u0130la\u00e7lama Makineleri, \u0130la\u00e7lama Malzemeleri, Yol \u00c7izgi Makineleri, A\u011fa\u00e7 S\u00f6kme Dikme Ara\u00e7lar\u0131, Ara\u00e7 Aksesuarlar\u0131 ve Lastikleri, Ekskavat\u00f6rler ve Kaz\u0131c\u0131lar<\/p><\/div><\/div>\t\t\t\t<\/div>\n\t\t\t\t<div class=\"elementor-element elementor-element-91a98d5 elementor-position-top elementor-widget elementor-widget-image-box\" data-id=\"91a98d5\" data-element_type=\"widget\" data-widget_type=\"image-box.default\">\n\t\t\t\t\t<div class=\"elementor-image-box-wrapper\"><figure class=\"elementor-image-box-img\"><img loading=\"lazy\" decoding=\"async\" width=\"230\" height=\"230\" src=\"https:\/\/citytechankara.com\/wp-content\/uploads\/2026\/01\/enerji_sistemleri.png\" class=\"attachment-full size-full wp-image-500\" alt=\"\" srcset=\"https:\/\/citytechankara.com\/wp-content\/uploads\/2026\/01\/enerji_sistemleri.png 230w, https:\/\/citytechankara.com\/wp-content\/uploads\/2026\/01\/enerji_sistemleri-150x150.png 150w\" sizes=\"(max-width: 230px) 100vw, 230px\" \/><\/figure><div class=\"elementor-image-box-content\"><h3 class=\"elementor-image-box-title\">Enerji Sistemleri<\/h3><p class=\"elementor-image-box-description\">Jenerat\u00f6rler, Ayd\u0131nlatma Malzemeleri ve Ekipmanlar\u0131, Bilgisayar Sistemleri ve Malzemeleri, Elektrik Da\u011f\u0131t\u0131m Firmalar\u0131, Bas\u0131n\u00e7l\u0131 Hava ve Enerji Depolama Teknolojileri, At\u0131k Enerji Sistemleri, Enerji Sistem Yaz\u0131l\u0131m ve Teknoloji Firmalar\u0131, R\u00fczgar Trib\u00fcnleri ve Otomasyon Sistemleri, Hidroelektrik S\u0131z\u0131nt\u0131 \u00d6nleme Sistemleri, G\u00fcne\u015f Santralleri Hareketli Paneller, Enerji Verimlilik Sistemleri, Yenilenebilir Enerji Sistemleri Ve Teknolojileri<\/p><\/div><\/div>\t\t\t\t<\/div>\n\t\t\t\t<div class=\"elementor-element elementor-element-88e9815 elementor-position-top elementor-widget elementor-widget-image-box\" data-id=\"88e9815\" data-element_type=\"widget\" data-widget_type=\"image-box.default\">\n\t\t\t\t\t<div class=\"elementor-image-box-wrapper\"><figure class=\"elementor-image-box-img\"><img loading=\"lazy\" decoding=\"async\" width=\"230\" height=\"230\" src=\"https:\/\/citytechankara.com\/wp-content\/uploads\/2026\/01\/danismanlik_muhendislik_projelendirme.png\" class=\"attachment-full size-full wp-image-501\" alt=\"\" srcset=\"https:\/\/citytechankara.com\/wp-content\/uploads\/2026\/01\/danismanlik_muhendislik_projelendirme.png 230w, https:\/\/citytechankara.com\/wp-content\/uploads\/2026\/01\/danismanlik_muhendislik_projelendirme-150x150.png 150w\" sizes=\"(max-width: 230px) 100vw, 230px\" \/><\/figure><div class=\"elementor-image-box-content\"><h3 class=\"elementor-image-box-title\">Dan\u0131\u015fmanl\u0131k, M\u00fchendislik, Projelendirme<\/h3><p class=\"elementor-image-box-description\">\u00c7evre ve \u00c7ED Dan\u0131\u015fmanl\u0131k Firmalar\u0131, M\u00fchendis ve M\u00fc\u015favir Dan\u0131\u015fman firmalar, M\u00fcteahhitlik ve Yap\u0131 Denetim Firmalar\u0131<\/p><\/div><\/div>\t\t\t\t<\/div>\n\t\t\t\t<div class=\"elementor-element elementor-element-aefdf08 elementor-position-top elementor-widget elementor-widget-image-box\" data-id=\"aefdf08\" data-element_type=\"widget\" data-widget_type=\"image-box.default\">\n\t\t\t\t\t<div class=\"elementor-image-box-wrapper\"><figure class=\"elementor-image-box-img\"><img loading=\"lazy\" decoding=\"async\" width=\"230\" height=\"230\" src=\"https:\/\/citytechankara.com\/wp-content\/uploads\/2026\/01\/peyzaj_park_ve.png\" class=\"attachment-full size-full wp-image-502\" alt=\"\" srcset=\"https:\/\/citytechankara.com\/wp-content\/uploads\/2026\/01\/peyzaj_park_ve.png 230w, https:\/\/citytechankara.com\/wp-content\/uploads\/2026\/01\/peyzaj_park_ve-150x150.png 150w\" sizes=\"(max-width: 230px) 100vw, 230px\" \/><\/figure><div class=\"elementor-image-box-content\"><h3 class=\"elementor-image-box-title\">Peyzaj Park ve Bah\u00e7e D\u00fczenleme<\/h3><p class=\"elementor-image-box-description\">Peyzaj Tasar\u0131m\u0131\/Proje, Peyzaj Uygulama, Peyzaj \u00c7izim Programlar\u0131, Dekoratif Peyzaj Malzemeleri, \u00c7im Uygulamalar\u0131, Damla Sulama Sistemleri, Bah\u00e7e Ila\u00e7lama, Yol ve \u00c7evre D\u00f6\u015femeleri, Rulo \u00c7im Sistemleri, Otomatik Sulama Sistemleri, Tente ve G\u00f6lgeleme Sistemleri, Zemin Kaplama, Ayd\u0131nlatma \u00dcr\u00fcnleri, Biyolojik G\u00f6letler<\/p><\/div><\/div>\t\t\t\t<\/div>\n\t\t\t\t<div class=\"elementor-element elementor-element-75a1b51 elementor-position-top elementor-widget elementor-widget-image-box\" data-id=\"75a1b51\" data-element_type=\"widget\" data-widget_type=\"image-box.default\">\n\t\t\t\t\t<div class=\"elementor-image-box-wrapper\"><figure class=\"elementor-image-box-img\"><img loading=\"lazy\" decoding=\"async\" width=\"230\" height=\"230\" src=\"https:\/\/citytechankara.com\/wp-content\/uploads\/2026\/01\/yol_asfalt_altyapi.png\" class=\"attachment-full size-full wp-image-503\" alt=\"\" srcset=\"https:\/\/citytechankara.com\/wp-content\/uploads\/2026\/01\/yol_asfalt_altyapi.png 230w, https:\/\/citytechankara.com\/wp-content\/uploads\/2026\/01\/yol_asfalt_altyapi-150x150.png 150w\" sizes=\"(max-width: 230px) 100vw, 230px\" \/><\/figure><div class=\"elementor-image-box-content\"><h3 class=\"elementor-image-box-title\">Yol Asfalt Altyap\u0131<\/h3><p class=\"elementor-image-box-description\">Asfalt \u00dcretim Tesisleri, Alt Yap\u0131 Elemanlar\u0131, Baks, Menfez, Kablo, Drenaj Kanal\u0131, R\u00f6gar, Kent Alt Yap\u0131, Kent S\u0131hhi Tesisat D\u00f6\u015feme Malzeme ve Ekipmanlar\u0131, Su Aktarma Malzemeleri, Su Saya\u00e7lar\u0131, Su Yal\u0131t\u0131m \u00dcr\u00fcnleri, Yol Kav\u015fak K\u00f6pr\u00fc Yap\u0131m\u0131 Malzeme ve Ekipmanlar\u0131, Do\u011falgaz Alt Yap\u0131 Tesisat\u0131 D\u00f6\u015feme Malzeme ve Ekipmanlar\u0131, Gaz Ekipmanlar\u0131 \u0130\u015fletmeleri ve Da\u011f\u0131t\u0131m, Yol \u00c7izgi Boyalar\u0131, Prefabrik Binalar<\/p><\/div><\/div>\t\t\t\t<\/div>\n\t\t\t\t<div class=\"elementor-element elementor-element-a6a2d71 elementor-position-top elementor-widget elementor-widget-image-box\" data-id=\"a6a2d71\" data-element_type=\"widget\" data-widget_type=\"image-box.default\">\n\t\t\t\t\t<div class=\"elementor-image-box-wrapper\"><figure class=\"elementor-image-box-img\"><img loading=\"lazy\" decoding=\"async\" width=\"230\" height=\"230\" src=\"https:\/\/citytechankara.com\/wp-content\/uploads\/2026\/01\/kent_mobilyalari_ve.png\" class=\"attachment-full size-full wp-image-504\" alt=\"\" srcset=\"https:\/\/citytechankara.com\/wp-content\/uploads\/2026\/01\/kent_mobilyalari_ve.png 230w, https:\/\/citytechankara.com\/wp-content\/uploads\/2026\/01\/kent_mobilyalari_ve-150x150.png 150w\" sizes=\"(max-width: 230px) 100vw, 230px\" \/><\/figure><div class=\"elementor-image-box-content\"><h3 class=\"elementor-image-box-title\">Kent Mobilyalar\u0131 ve Oyun Gruplar\u0131<\/h3><p class=\"elementor-image-box-description\">Oturma Gruplar\u0131, Banklar, \u00c7ocuk E\u011flence Parklar\u0131, Bah\u00e7e Mobilyalar\u0131 ve Ekipmanlar\u0131, Park Bah\u00e7e ve Oyun Alanlar\u0131, Parke Ta\u015flar\u0131 ve Bord\u00fcr Malzemeleri, Sokak ve Cadde D\u00fczenleme Donan\u0131mlar\u0131, \u00c7\u00f6p Kutular\u0131, Tel \u00d6rg\u00fcler ve \u00c7itler, Enerji Nakil Hatt\u0131 Direkleri, Kent Ayd\u0131nlatma \u00dcniteleri, Bah\u00e7e Ayd\u0131nlatmalar\u0131, Havuzlar ve Ekipmanlar\u0131, \u015eelaleler ve \u00c7e\u015fmeler<\/p><\/div><\/div>\t\t\t\t<\/div>\n\t\t\t\t<div class=\"elementor-element elementor-element-3943139 elementor-position-top elementor-widget elementor-widget-image-box\" data-id=\"3943139\" data-element_type=\"widget\" data-widget_type=\"image-box.default\">\n\t\t\t\t\t<div class=\"elementor-image-box-wrapper\"><figure class=\"elementor-image-box-img\"><img loading=\"lazy\" decoding=\"async\" width=\"230\" height=\"230\" src=\"https:\/\/citytechankara.com\/wp-content\/uploads\/2026\/01\/ulasim_araclari_gecis.png\" class=\"attachment-full size-full wp-image-505\" alt=\"\" srcset=\"https:\/\/citytechankara.com\/wp-content\/uploads\/2026\/01\/ulasim_araclari_gecis.png 230w, https:\/\/citytechankara.com\/wp-content\/uploads\/2026\/01\/ulasim_araclari_gecis-150x150.png 150w\" sizes=\"(max-width: 230px) 100vw, 230px\" \/><\/figure><div class=\"elementor-image-box-content\"><h3 class=\"elementor-image-box-title\">Ula\u015f\u0131m Ara\u00e7lar\u0131, Ge\u00e7i\u015f ve Aktarma Sistemleri<\/h3><p class=\"elementor-image-box-description\">Ula\u015f\u0131m Ara\u00e7lar\u0131 Karayolu, Deniz Yolu, Rayl\u0131 Toplu Ta\u015f\u0131ma Ara\u00e7lar\u0131, Otob\u00fcs Durak ve Terminal Donan\u0131mlar\u0131, Toplu Ta\u015f\u0131ma Ak\u0131ll\u0131 Kart ve Bilet Sistemleri, Ak\u0131ll\u0131 Ula\u015f\u0131m Sistemleri, Bariyer ve Turnike Sistemleri, Otopark ve Ge\u00e7i\u015f Sistemleri<\/p><\/div><\/div>\t\t\t\t<\/div>\n\t\t\t\t<div class=\"elementor-element elementor-element-567dbbe elementor-position-top elementor-widget elementor-widget-image-box\" data-id=\"567dbbe\" data-element_type=\"widget\" data-widget_type=\"image-box.default\">\n\t\t\t\t\t<div class=\"elementor-image-box-wrapper\"><figure class=\"elementor-image-box-img\"><img loading=\"lazy\" decoding=\"async\" width=\"230\" height=\"230\" src=\"https:\/\/citytechankara.com\/wp-content\/uploads\/2026\/01\/saglikli_yasam_ve.png\" class=\"attachment-full size-full wp-image-506\" alt=\"\" srcset=\"https:\/\/citytechankara.com\/wp-content\/uploads\/2026\/01\/saglikli_yasam_ve.png 230w, https:\/\/citytechankara.com\/wp-content\/uploads\/2026\/01\/saglikli_yasam_ve-150x150.png 150w\" sizes=\"(max-width: 230px) 100vw, 230px\" \/><\/figure><div class=\"elementor-image-box-content\"><h3 class=\"elementor-image-box-title\">Sa\u011fl\u0131kl\u0131 Ya\u015fam ve Spor Sistemleri<\/h3><p class=\"elementor-image-box-description\">Spor Tesisi Altyap\u0131 Malzemeleri, Zemin Uygulama Malzeme ve Ekipmanlar\u0131, Seyirci Giri\u015f ve Gi\u015fe Sistemleri, Kapal\u0131 ve A\u00e7\u0131k Alan Spor Tesis Ekipmanlar\u0131, Do\u011fal Sentetik Spor Sahalar\u0131, Tenis Kortlar\u0131, Atletizm Pistleri, Golf Sahalar\u0131<\/p><\/div><\/div>\t\t\t\t<\/div>\n\t\t\t\t<div class=\"elementor-element elementor-element-f030dd1 elementor-position-top elementor-widget elementor-widget-image-box\" data-id=\"f030dd1\" data-element_type=\"widget\" data-widget_type=\"image-box.default\">\n\t\t\t\t\t<div class=\"elementor-image-box-wrapper\"><figure class=\"elementor-image-box-img\"><img loading=\"lazy\" decoding=\"async\" width=\"230\" height=\"230\" src=\"https:\/\/citytechankara.com\/wp-content\/uploads\/2026\/01\/insaat_ve_yapi.png\" class=\"attachment-full size-full wp-image-507\" alt=\"\" srcset=\"https:\/\/citytechankara.com\/wp-content\/uploads\/2026\/01\/insaat_ve_yapi.png 230w, https:\/\/citytechankara.com\/wp-content\/uploads\/2026\/01\/insaat_ve_yapi-150x150.png 150w\" sizes=\"(max-width: 230px) 100vw, 230px\" \/><\/figure><div class=\"elementor-image-box-content\"><h3 class=\"elementor-image-box-title\">\u0130n\u015faat ve Yap\u0131<\/h3><p class=\"elementor-image-box-description\">Asans\u00f6r Sistemleri , Prefabrikasyon Sistemleri, Havaland\u0131rma Sistemleri , Profil Ekipmanlar\u0131, Tesisat Sistem Ve Ekipmanlar\u0131, Kap\u0131 \u2013 Pencere (Ah\u015fap, Al\u00fcminyum ve PVC), H\u0131rdavat, Cephe Kaplama Malzemeleri, \u0130n\u015faat Malzemeleri, Yal\u0131t\u0131m Sistemleri<\/p><\/div><\/div>\t\t\t\t<\/div>\n\t\t\t\t<div class=\"elementor-element elementor-element-67c7102 elementor-position-top elementor-widget elementor-widget-image-box\" data-id=\"67c7102\" data-element_type=\"widget\" data-widget_type=\"image-box.default\">\n\t\t\t\t\t<div class=\"elementor-image-box-wrapper\"><figure class=\"elementor-image-box-img\"><img loading=\"lazy\" decoding=\"async\" width=\"230\" height=\"230\" src=\"https:\/\/citytechankara.com\/wp-content\/uploads\/2026\/01\/trafik_ve_sinyalizasyon.png\" class=\"attachment-full size-full wp-image-508\" alt=\"\" srcset=\"https:\/\/citytechankara.com\/wp-content\/uploads\/2026\/01\/trafik_ve_sinyalizasyon.png 230w, https:\/\/citytechankara.com\/wp-content\/uploads\/2026\/01\/trafik_ve_sinyalizasyon-150x150.png 150w\" sizes=\"(max-width: 230px) 100vw, 230px\" \/><\/figure><div class=\"elementor-image-box-content\"><h3 class=\"elementor-image-box-title\">Trafik ve Sinyalizasyon Sistemleri<\/h3><p class=\"elementor-image-box-description\">Ta\u015f\u0131t ve Yaya Sinyal Ayd\u0131nlatmalar\u0131, Okul Ge\u00e7idi Ayd\u0131nlatma Sistemleri, Trafik Sinyal Denetleyici, Eri\u015filebilir Yaya Butonu, Otob\u00fcs ve Bisiklet Sinyal Ayd\u0131nlatma Sistemleri, Trafik Kamera Sistemleri, Tramvay Sinyal Ayd\u0131nlatmalar\u0131, H\u0131z Kesici Kasis Sistemleri ve Trafik Ekipmanlar\u0131<\/p><\/div><\/div>\t\t\t\t<\/div>\n\t\t\t\t<div class=\"elementor-element elementor-element-f64a96a elementor-position-top elementor-widget elementor-widget-image-box\" data-id=\"f64a96a\" data-element_type=\"widget\" data-widget_type=\"image-box.default\">\n\t\t\t\t\t<div class=\"elementor-image-box-wrapper\"><figure class=\"elementor-image-box-img\"><img loading=\"lazy\" decoding=\"async\" width=\"230\" height=\"230\" src=\"https:\/\/citytechankara.com\/wp-content\/uploads\/2026\/01\/diger_sektorler.png\" class=\"attachment-full size-full wp-image-513\" alt=\"\" srcset=\"https:\/\/citytechankara.com\/wp-content\/uploads\/2026\/01\/diger_sektorler.png 230w, https:\/\/citytechankara.com\/wp-content\/uploads\/2026\/01\/diger_sektorler-150x150.png 150w\" sizes=\"(max-width: 230px) 100vw, 230px\" \/><\/figure><div class=\"elementor-image-box-content\"><h3 class=\"elementor-image-box-title\">Di\u011fer Sekt\u00f6rler<\/h3><p class=\"elementor-image-box-description\">Banka ve Finans Kurulu\u015flar\u0131, Telekom\u00fcnikasyon \u015eirketleri, Dan\u0131\u015fmanl\u0131k Firmalar\u0131, Projelendirme ve Dok\u00fcmantasyon, Birlik, Dernek, Kooperatif, Kamu Kurum ve Kurulu\u015flar\u0131, Ara\u015ft\u0131rma Enstit\u00fcleri, Ticari Ata\u015felikler ve \u0130lgili Yay\u0131n Kurulu\u015flar\u0131<\/p><\/div><\/div>\t\t\t\t<\/div>\n\t\t\t\t\t<\/div>\n\t\t\t\t<\/div>\n\t\t\t\t<\/div>\n\t\t","protected":false},"excerpt":{"rendered":"<p>Yerel Y\u00f6netimler ve Kamu \u0130l Belediyeleri, \u0130l\u00e7e Belediyeleri, Sular \u0130dareleri Genel M\u00fcd\u00fcrl\u00fckleri, \u0130l \u00d6zel \u0130dareleri, Kooperatifler, Dernekler, Odalar, Yerel Y\u00f6netim Birlikleri, Bakanl\u0131klara Ba\u011fl\u0131 \u0130\u015ftirakler, Belediyelere Ba\u011fl\u0131 \u0130\u015ftirakler Ak\u0131ll\u0131 \u015eehir Sistemleri Ak\u0131ll\u0131 Ula\u015f\u0131m Sistemleri, Toplu Ta\u015f\u0131ma Ak\u0131ll\u0131 Kart ve Bilet Sistemleri, Aktarma Sistemleri( Y\u00fcr\u00fcyen Merdiven, Asans\u00f6r), Ge\u00e7i\u015f Sistemleri( Bariyer, Turnike vs), Otopark Donan\u0131mlar\u0131, Otopark Kontrol ve [&hellip;]<\/p>\n","protected":false},"author":1,"featured_media":0,"parent":0,"menu_order":0,"comment_status":"closed","ping_status":"closed","template":"","meta":{"footnotes":""},"class_list":["post-40","page","type-page","status-publish","hentry"],"_links":{"self":[{"href":"https:\/\/citytechankara.com\/index.php?rest_route=\/wp\/v2\/pages\/40","targetHints":{"allow":["GET"]}}],"collection":[{"href":"https:\/\/citytechankara.com\/index.php?rest_route=\/wp\/v2\/pages"}],"about":[{"href":"https:\/\/citytechankara.com\/index.php?rest_route=\/wp\/v2\/types\/page"}],"author":[{"embeddable":true,"href":"https:\/\/citytechankara.com\/index.php?rest_route=\/wp\/v2\/users\/1"}],"replies":[{"embeddable":true,"href":"https:\/\/citytechankara.com\/index.php?rest_route=%2Fwp%2Fv2%2Fcomments&post=40"}],"version-history":[{"count":16,"href":"https:\/\/citytechankara.com\/index.php?rest_route=\/wp\/v2\/pages\/40\/revisions"}],"predecessor-version":[{"id":519,"href":"https:\/\/citytechankara.com\/index.php?rest_route=\/wp\/v2\/pages\/40\/revisions\/519"}],"wp:attachment":[{"href":"https:\/\/citytechankara.com\/index.php?rest_route=%2Fwp%2Fv2%2Fmedia&parent=40"}],"curies":[{"name":"wp","href":"https:\/\/api.w.org\/{rel}","templated":true}]}}