{"id":59,"date":"2026-01-04T17:02:33","date_gmt":"2026-01-04T14:02:33","guid":{"rendered":"https:\/\/citytechankara.com\/?page_id=59"},"modified":"2026-01-04T19:59:36","modified_gmt":"2026-01-04T16:59:36","slug":"medya-planlamasi","status":"publish","type":"page","link":"https:\/\/citytechankara.com\/?page_id=59","title":{"rendered":"Medya planlamas\u0131"},"content":{"rendered":"\n<p class=\"has-text-align-center\">Medya planlamas\u0131 dosyas\u0131 yak\u0131nda yay\u0131nlanacak.<\/p>\n","protected":false},"excerpt":{"rendered":"<p>Medya planlamas\u0131 dosyas\u0131 yak\u0131nda yay\u0131nlanacak.<\/p>\n","protected":false},"author":1,"featured_media":0,"parent":0,"menu_order":0,"comment_status":"closed","ping_status":"closed","template":"","meta":{"footnotes":""},"class_list":["post-59","page","type-page","status-publish","hentry"],"_links":{"self":[{"href":"https:\/\/citytechankara.com\/index.php?rest_route=\/wp\/v2\/pages\/59","targetHints":{"allow":["GET"]}}],"collection":[{"href":"https:\/\/citytechankara.com\/index.php?rest_route=\/wp\/v2\/pages"}],"about":[{"href":"https:\/\/citytechankara.com\/index.php?rest_route=\/wp\/v2\/types\/page"}],"author":[{"embeddable":true,"href":"https:\/\/citytechankara.com\/index.php?rest_route=\/wp\/v2\/users\/1"}],"replies":[{"embeddable":true,"href":"https:\/\/citytechankara.com\/index.php?rest_route=%2Fwp%2Fv2%2Fcomments&post=59"}],"version-history":[{"count":2,"href":"https:\/\/citytechankara.com\/index.php?rest_route=\/wp\/v2\/pages\/59\/revisions"}],"predecessor-version":[{"id":268,"href":"https:\/\/citytechankara.com\/index.php?rest_route=\/wp\/v2\/pages\/59\/revisions\/268"}],"wp:attachment":[{"href":"https:\/\/citytechankara.com\/index.php?rest_route=%2Fwp%2Fv2%2Fmedia&parent=59"}],"curies":[{"name":"wp","href":"https:\/\/api.w.org\/{rel}","templated":true}]}}